the third derivative of -o**5/30 - o**4/4 - 7*o**3/6 - 25*o**2. Let u be s(4). What is the tens digit of ((-92)/6)/(7/u)?
3
Let q(a) = 8 - 25 - 5*a - 5*a + 0*a. Let i be q(-2). Suppose 2*j - 3*d = 445, 1101 + 64 = 5*j + i*d. What is the tens digit of j?
3
Suppose 0 = 81*d - 110*d + 131856 - 6315. What is the tens digit of d?
2
Let j(m) = m**2 - 7*m + 7. Let i be j(5). Let d be (-308)/((i/(-6))/(6/(-8))). Suppose -b + 4*b - 346 = -2*o, -d = -4*b - 3*o. What is the units digit of b?
4
Let k(p) = 16*p + 66. Let g be k(-4). What is the tens digit of (-2)/((48/(-3540))/(g/1))?
9
Let f(g) = -13*g - 39. Let k(d) = 53*d + 153. Let v(q) = -9*f(q) - 2*k(q). What is the units digit of v(26)?
1
Let x be 0 + 8/(40/1365). Let c = -142 + x. What is the units digit of c?
1
Let y = -9797 + 15451. What is the tens digit of y?
5
Let r be 18/5*(-30)/(-9). Let u be 236/3 + 16/r. Suppose -a + u - 17 = 0. What is the tens digit of a?
6
Let p be (-676)/(-34) - 46/(-391). Let m be (-2)/(-10) + p/25 + 3. Suppose 3*q - m*q + 246 = 0. What is the tens digit of q?
4
Let b be ((-279)/124)/(4/((-64)/(-6))). Let m(y) = 28*y**2 - y + 61. What is the hundreds digit of m(b)?
0
Suppose 3*r - 48402 = -4*x, 38*r - 48354 = 35*r + 4*x. What is the ten thousands digit of r?
1
Let b be (153/(2 + -5))/1. Let k = b + 63. What is the units digit of (69/(-4))/((-3)/k) - -2?
1
Let r(d) = d**2 + 8*d + 22. Let b be r(-10). Suppose b + 18 = 10*f. Suppose 0 = -f*w + 9*w - 489. What is the units digit of w?
3
Let a be (9/12)/(28/(-16) + 2). Suppose 3 = 4*r - a*w, -5*w - 5 = -r - 0*r. Suppose -16 = -4*p, 4*y - p + r*p = 248. What is the tens digit of y?
6
Let g(q) = 357*q**2 + 30*q + 86. What is the thousands digit of g(-6)?
2
What is the thousands digit of (3020280/95)/4 + (-4)/38?
7
Let t(l) be the third derivative of 7*l**4/12 - 25*l**3/2 + 2*l**2 + 13. What is the units digit of t(10)?
5
Let c = -182 + 205. Suppose -5*j = -n - 2977, -c*n + 28*n + 2965 = 5*j. What is the tens digit of j?
9
Let h(y) = -y**2 + 43*y + 42. Let s be h(29). Let a = s + -198. What is the tens digit of a?
5
Suppose 7*h = 16*h - 56376. Suppose -f + h = 5*f. What is the units digit of f?
4
Suppose -2*s - g = -34413, -4*g = s + 3*s - 68836. Suppose 0 = -108*y + 119*y - s. What is the thousands digit of y?
1
Let c = -3882 + 7458. Suppose 0 = -18*r + 6*r + c. What is the hundreds digit of r?
2
Let p(s) = 21*s**2 - 54 + 9*s**2 - s + 37 + 4*s. What is the units digit of p(3)?
2
Let o(w) = 4*w + 4. Let v be o(4). Let b = v - 17. Suppose b*r = -2*m + 125, 207 = 3*m - r - r. What is the units digit of m?
7
Let d(m) = -36*m + 106. Let a be d(0). Let o = a - -467. What is the hundreds digit of o?
5
Suppose 19*t = 5*t - 10024. Let y = t + 1351. What is the units digit of y?
5
What is the tens digit of ((-1)/(-1) - 1) + -17 + (-35 - -6675)?
2
Let c(g) = 2*g + 33. Let t be c(9). Suppose -o = 2*o + t. Let h = o + 30. What is the tens digit of h?
1
Let f(i) = 23*i - 150. Let b be f(7). Suppose 7*a = b*a - 1600. What is the hundreds digit of a?
4
Suppose d + 199853 = 4*z, 0 = -60*d + 56*d + 12. What is the thousands digit of z?
9
Suppose 5*m - 9 = -3*l, -4*m - m - 12 = -4*l. Suppose l*d + 556 = 4*u, 2*d - u - 4*u = -366. Let z = -3 - d. What is the tens digit of z?
8
What is the hundreds digit of (-480)/((0 + 11/(-1496))*(0 - -6))?
8
Let g(i) be the second derivative of i**5/20 + 5*i**4/3 - 15*i**3/2 - 4*i**2 - 28*i. What is the units digit of g(-22)?
4
Let t = 327 - 339. Let u(x) = -2*x**3 - 24*x**2 - 34*x - 24. What is the hundreds digit of u(t)?
3
Suppose 0*a = 5*a + f + 117, 2*a + 33 = -5*f. What is the hundreds digit of ((-62)/a - 19/76)*87?
2
What is the hundreds digit of -4 + 7804 + 4 + -15 + 7?
7
Suppose -3*r - 69 = -2*f + 219, f - 130 = 5*r. Let x be ((-12)/(-15))/(4/f). Suppose 0 = k - x - 17. What is the tens digit of k?
4
Suppose 2*m - 11 = -5. Suppose -3*r = m, c + 0 + 1 = -4*r. Suppose 5*h = c*y - 201, -3*h - h = -4*y + 260. What is the units digit of y?
2
Let x be -30*(-202)/6 + -4. Let s = -567 + x. What is the tens digit of s?
3
Let j(w) be the first derivative of w**2 + 9 - 40*w + 24*w + 32*w. What is the tens digit of j(7)?
3
Let r(z) = 9*z - 122. Let p be r(14). Suppose 2*a - a = -5*b + 447, p*a + 259 = 3*b. What is the units digit of b?
9
Suppose d + 25759 = -2*z + 93446, -5*z + 169210 = 5*d. What is the hundreds digit of z?
8
Let f = -342 - -342. Suppose -4*d = -3*v + 2400, f*d = -d. What is the units digit of v?
0
Let u = 1406 + -858. Let y = 44 + u. What is the hundreds digit of y?
5
Let s(z) = 327*z - 159*z - 159*z + 425. What is the units digit of s(0)?
5
Let u(v) = v + 10. Let r be u(0). Suppose r*y = 8*y + 8. Suppose -4*m + 617 = 4*d - 7*m, -y*m = 12. What is the hundreds digit of d?
1
Let s be (-54)/((-4 - 39/(-24)) + 2). Let a = 65 - 146. Let x = a + s. What is the units digit of x?
3
Suppose 36*j - 139770 = 34*j + 13*p, -349299 = -5*j + p. What is the thousands digit of j?
9
Suppose -5*u + 95764 = 3*l, 38314 = -1637*u + 1639*u + 4*l. What is the units digit of u?
1
Let b = 201 - -339. Let f = 15920 - 15914. Suppose -f*s + 0*s + b = 0. What is the units digit of s?
0
Let d be (1/6)/((-5)/(-30)). Let j be (d/(5/(-10)))/((-2)/3). What is the units digit of j*((-1)/3)/(3/(-9))?
3
Let c = -136 - -137. What is the tens digit of -1 + (54/(-15))/(c/(-65))?
3
Let u(b) = 5009*b + 62. What is the units digit of u(2)?
0
What is the units digit of 1/(-3)*4*(-81)/(-36) - -30756?
3
Let t(x) = -33*x**2 + 1. Let l be t(1). Let k = -35 - l. What is the units digit of k/4*14*-6?
3
Let g(u) be the second derivative of 373*u**4/12 - 2*u**3/3 - u**2 + 98*u. What is the hundreds digit of g(-1)?
3
Suppose -9*n + 4095 - 666 = 0. Let k = n + -136. What is the units digit of k?
5
Suppose 4*h - 4*u = 46480, -3*u + 23210 = 2*h - 0*h. What is the units digit of h?
4
What is the ten thousands digit of (6/27 - 34/(-306))*189453?
6
Suppose -343586 = -5*z + 2*l - 75449, 107251 = 2*z + 3*l. What is the ten thousands digit of z?
5
Suppose 5*w + 390 = -8*w. What is the units digit of (62/(-5))/(-1*(-12)/w)?
1
Suppose 1220 = 4*r - 5*g, 2*r + 3*r - 1504 = g. Let k be ((-12)/(-15))/((-292)/r + 1). What is the tens digit of (30/(-4))/(-3)*k?
7
Let q(l) = 1015*l - 233. What is the units digit of q(4)?
7
Let z be 320/72 - 4/9. Suppose -z*n = -0*n - 12, 2*n - 1734 = -2*d. What is the tens digit of d?
6
Suppose -5*k = 2*x - 39732, 3*k - 3040 - 20804 = -2*x. What is the tens digit of k?
4
Let o(u) = u**3 - 11*u**2 + 15*u - 9. Let w be o(10). Let h = w + -46. What is the tens digit of (75/(-4))/(-3*h/(-60))?
7
What is the units digit of -90 + 97 + (-2740)/(-2)?
7
Let f(m) = 488*m**2 + 79*m - 310. What is the tens digit of f(4)?
1
Suppose 5*g - d + 430 = 0, 0 = -4*g - 3*d + 8*d - 365. Let t = 249 + g. Let z = 265 - t. What is the tens digit of z?
0
Suppose -120 = 8*p + 176. Let j = -35 - p. Suppose -16 = -4*i, 5*o + i = j*i + 136. What is the units digit of o?
8
Suppose 5*l = -4*w + 26, -5*w + 7 - 6 = l. What is the units digit of 60/(-40)*358/l*-2?
9
Let y be 6/8*-2*436 + 4. Let n = y + 1181. What is the units digit of n?
1
Let d(n) be the first derivative of -n**3/3 + 7*n**2 + 5*n + 1577. Let j = 27 + -18. What is the tens digit of d(j)?
5
Let j = 47282 + 19229. What is the units digit of j?
1
Suppose -182536 = -4*x - 5*r + 46963, -4*x + r = -229457. What is the hundreds digit of x?
3
Let l = -24434 - -46560. What is the hundreds digit of l?
1
Let q = -101 - -117. Suppose -2*b = 2*z - 7*z - 78, -q = -4*z. What is the tens digit of b?
4
Suppose 6*u = -95 + 131. Suppose -u*b + 2172 = -738. What is the hundreds digit of b?
4
Let u(v) = v**3 + 14*v**2 - 7*v - 59. Let y be u(-14). Suppose y*f = 44*f - 6735. What is the hundreds digit of f?
3
Suppose 7728 = -3*n - 3*s + 28287, 0 = -2*s + 4. What is the hundreds digit of n?
8
Let u(w) = w**3 - 5*w**2 - 2*w + 8. Let o be u(5). Let a be (o/15*-3)/((-2)/10). Let n = 10 - a. What is the units digit of n?
2
Let d(o) = 21*o**2 + 392*o - 53. What is the hundreds digit of d(-38)?
3
Suppose -g + 6*g = 15. Suppose -4*c - 9 = g*j - 26, 7 = -2*j + c. Let l(a) = 44*a**2. What is the tens digit of l(j)?
4
Suppose 8*y + 91 = 27. What is the hundreds digit of (-10*y/100)/(3/1065)?
2
Let s(b) = -2*b**2 + 3*b**2 + 33 +